j**2 + 11*j + 29. What is the remainder when o(6) is divided by 107?
102
Calculate the remainder when ((-275)/(-22) - 14)*208/(-3) is divided by 21.
20
What is the remainder when 117 - -6 - (-11 - -3) is divided by 18?
5
Let x(w) = w**3 - 10*w**2 + 9*w + 1. Suppose z - k - 13 = -0*z, 5*z - 37 = -2*k. Let h be x(z). What is the remainder when 43 is divided by 4 - h/((-1)/7)?
10
Let h be 22/6*-3*-5. Suppose r + 16 = 2*p, -4*r = -2*p - 2*p + 28. Suppose 4*x + h = p*x. Calculate the remainder when 41 is divided by x.
8
Let q = 77 + -47. Calculate the remainder when 206 is divided by q.
26
Let y(z) = -38*z. Let t(u) = -3*u - 12. Let s be t(-4). Suppose -4*h + h + 30 = s. Calculate the remainder when y(-1) is divided by h.
8
Suppose -20*v - 10*v = -1470. What is the remainder when 131 is divided by v?
33
Suppose 2*q - 3*q = -50. What is the remainder when 197 is divided by q?
47
Suppose -2*h = 4*w - 14, -4*h = -2*w - 4 - 4. Let f be (-2*3)/h - 4. Let l = 22 + f. What is the remainder when 30 is divided by l?
14
Let b = -37 + 52. Let f = -1 + 8. Calculate the remainder when (f/5 - 2)*-45 is divided by b.
12
Suppose 2*z - 224 = -2*l, -3*l + 228 = -0*z + 2*z. Suppose -2*h = i - 54, -3*h - 3*i + z = h. What is the remainder when 133 is divided by h?
25
Let z be 3/((-15)/(-8) + 0)*-5. Calculate the remainder when -17*(4 + z - (0 - 3)) is divided by 5.
2
Suppose -5*p - 90 = -14*p. Suppose 3*v = 2*a - 16, 0 = -4*a - 5*v + 7 - 19. Suppose p + 30 = a*l. Calculate the remainder when l is divided by 8.
4
Suppose 5*o = -3*p + 30 - 0, 4*p = 2*o + 14. Suppose -o*x - 5 = -4*x. What is the remainder when x is divided by 2?
1
Let o = -4 + 8. Suppose 0 = -3*u + o*w - 8, 0 = 4*u - 0*w + 5*w + 21. What is the remainder when u/(((-2)/(-27))/(-2)) is divided by 22?
20
Suppose -4*t + 21 = -4*l + 105, 0 = 3*l + 2*t - 58. Suppose l = 4*x - 0. Suppose 0*z + 75 = x*z. Calculate the remainder when 58 is divided by z.
13
Let p = 67 - 63. Suppose 0 = -3*h - p*b + 277, -265 = -2*h - 2*b - 81. Calculate the remainder when h is divided by 46.
45
Let i(b) = -2*b + 6. Let l(o) = o**2 - 4*o - 18. Let z be l(6). What is the remainder when 53 is divided by i(z)?
17
Suppose 12 = 3*s + 3, z = 4*s + 3. Suppose -5*t + z = -0. Suppose t*o = v - 16 - 1, -4*v - 5*o = -17. What is the remainder when 31 is divided by v?
7
Let j = 49 - 38. Suppose 0*g = 3*g - 6. Let q = g - -2. Calculate the remainder when j is divided by q.
3
Suppose 86 - 366 = -v - 2*k, -3*v = -k - 861. Suppose v = 3*o - o. Calculate the remainder when o is divided by 24.
23
Suppose -374*q + 357*q = -935. What is the remainder when 381 is divided by q?
51
Let u = 853 + -820. Calculate the remainder when 129 is divided by u.
30
Suppose -2*q - 3*q + 4*i = -245, -q + i + 50 = 0. Suppose 13*w - 124 = q. Calculate the remainder when 49 is divided by w.
10
Suppose -7*u = 2*u - 630. What is the remainder when u is divided by 43?
27
Let x = -632 - -666. Calculate the remainder when 76 is divided by x.
8
Suppose 4*g = 6*g - 344. Suppose -p - g = -5*p. What is the remainder when 37 is divided by p/3 - 8/24?
9
Suppose -5 = -y, 3*i - 5 = y + 4*y. What is the remainder when (-2)/((15/340)/((-9)/8)) is divided by (1 - i)/((-3)/6)?
15
Let m = 1331 - 806. Calculate the remainder when m is divided by 33.
30
What is the remainder when 51 is divided by (-40)/280 + 86/14?
3
Let b(q) = 2*q + 1. Let r = 709 - 679. What is the remainder when r is divided by b(5)?
8
Let g(q) = -q**3 - 5*q**2 + 6*q - 10. Let s(r) = -r. Let l(c) = g(c) - 3*s(c). Let k = 220 - 123. What is the remainder when k is divided by l(-7)?
22
Let h = 428 + -175. Suppose -t + 350 = 4*t - 3*w, h = 4*t + 3*w. Let r = 34 - 11. What is the remainder when t is divided by r?
21
Let m = -784 - -1034. What is the remainder when m is divided by 32?
26
Let k(z) = 59*z**2 + z + 1. Let g be k(-1). Let t = g + -20. What is the remainder when 77 is divided by t?
38
Suppose o = 7 + 7. Let r(j) = -5*j - 7. Let x be r(3). Let t = x - -62. Calculate the remainder when t is divided by o.
12
Let s = -2 + 50. Let n = 55 - s. What is the remainder when (-6)/((3/(-2))/3) is divided by n?
5
Let k = -2282 - -2337. Calculate the remainder when k is divided by 17.
4
Let t(a) = a**3 - a**2 - 3*a - 35. Let u be (-10 + 3 - -3) + 4. Let y be t(u). Let f = -17 - y. Calculate the remainder when f is divided by 7.
4
Let q be (-2)/(-8) - (-7885)/(-20). Let f = 586 + q. Suppose 5*w = 3*o + 277, -3*o + f = 4*w + 2*o. Calculate the remainder when w is divided by 8.
5
Let n = -1442 + 1506. What is the remainder when 383 is divided by n?
63
Suppose 69 = 16*y - 443. What is the remainder when 222 is divided by y?
30
Suppose 168 = -0*s + 5*s + 4*q, 0 = 3*s - 3*q - 90. Suppose 8 = -d + s. What is the remainder when d is divided by 5?
4
Suppose -17*u + 84 = -3*u. Calculate the remainder when u is divided by 1.
0
Let u(y) = -y + 1. Let g(d) = -9*d - 14. Let f(p) = g(p) + 6*u(p). Suppose v + 4*v = 105. Calculate the remainder when f(-6) is divided by v.
19
Let u(j) = 5*j**2 + 2. Calculate the remainder when u(5) is divided by 10.
7
Let a = 4 - 1. Suppose 0 = 2*r - 4, 0 = a*g + 2*r - 23 - 2. Suppose -6 = -2*q - 0*q. Calculate the remainder when g is divided by q.
1
Suppose 0*p + 42 = 2*t + 3*p, 3*t = p + 41. Calculate the remainder when 18 is divided by -2 - -10 - t/(-5).
7
Suppose 3*d - 83 = -26. Calculate the remainder when 2/13 + (1086/39 - -2) is divided by d.
11
Suppose 2 - 37 = -5*p. Let u = p + 0. What is the remainder when u is divided by 3?
1
Let h(x) = -x - 15. Let q be h(-15). Suppose q = 5*w + y + 4, 8 = 4*w - 3*y - 4. What is the remainder when 94 is divided by -2 + 14 + w + 4?
14
Let y(r) = -r + 17. Let i be (-1 + 6)*-1 + 2. Let q = 11 + i. Calculate the remainder when q is divided by y(14).
2
Suppose -1600 = -279*u + 271*u. What is the remainder when u is divided by 51?
47
Let o(a) = 64*a + 326. Calculate the remainder when 15 is divided by o(-5).
3
Suppose f + 14 = 3*f. Let l(w) = -3 + w + 0 - f*w. Calculate the remainder when l(-5) is divided by 10.
7
Suppose 3*a + 30 = 3*f - 45, -4*a + 132 = 4*f. What is the remainder when 54 is divided by f?
25
Let l(n) = n**3 - 10*n**2 + 9*n + 2. Let j be l(9). Calculate the remainder when 34 is divided by (1 - (j - 2))*13.
8
Let v = -234 - -411. Calculate the remainder when v is divided by -7 + 5*259/35.
27
Suppose -c + 5*g - 2 + 5 = 0, 3*c + 3*g - 9 = 0. Calculate the remainder when (2/(-10))/((-436)/(-220) - (1 + 1)) is divided by c.
2
Let c = 55 + 89. Suppose -r - 4*a - c = 74, 3*a - 639 = 3*r. What is the remainder when (r/(-4))/((-1)/(-2)) is divided by 27?
26
Let h be 65 - (-1 + 1 + -1)/(-1). Suppose h = 9*c - 188. Calculate the remainder when 53 is divided by c.
25
What is the remainder when 150 is divided by -6 - ((-90)/(-2))/(-3)?
6
Let b = 343 - 336. What is the remainder when 16 is divided by b?
2
Let v = -1308 - -1401. Calculate the remainder when 184 is divided by v.
91
Let n be 9/27 + 1/(-3). Let h(y) = n*y + 13*y + 14*y. What is the remainder when h(2) is divided by 14?
12
Suppose 113 - 41 = 2*m - 3*p, -5*p + 10 = m. Calculate the remainder when 118 is divided by m.
28
Let n(a) = -15*a - 4. Let y be n(-3). Let r(q) = -45*q - 189. Calculate the remainder when r(-5) is divided by y/4 - 1/4.
6
Let p(i) = i**3 - 3*i**2 - 6*i + 20. Calculate the remainder when 50 is divided by p(5).
10
Let z(n) = 4*n - 4. Suppose 0*u + 10 = 2*u. Let r(l) = -5*l + 4. Let v(a) = u*r(a) + 4*z(a). What is the remainder when v(-4) is divided by 14?
12
Suppose -48*u - 76 + 316 = 0. Let y be 4 - (2 + -2*1). Suppose -y*d = -q + 22, d = 4*q + u*d - 88. Calculate the remainder when 86 is divided by q.
20
Let s be -12*((-3)/12 + 0). Suppose -h - 7 = -2*q, -6*q + s*q + 21 = -5*h. Suppose -31 = -q*g + 35. Calculate the remainder when 64 is divided by g.
31
Let w(t) = t**2 - t. Let d be w(1). Let x(y) = 6 + 1 + y + d. Calculate the remainder when 10 is divided by x(-3).
2
Let u = -53 + 78. Suppose u = 3*c + c - 3*f, c - 1 = -f. Let r = 2 - 0. Calculate the remainder when c is divided by r.
0
Let a be ((-4)/5)/((-8)/(-880)*-1). Suppose 3*h - a - 83 = 0. Suppose -3*c + 13 + 32 = 0. Calculate the remainder when h is divided by c.
12
Let w be (5 + (-114)/18)*(40 - 1). Let c = w - -74. Calcula